71 composite?
False
Is 53264341 a prime number?
False
Is 17615721 composite?
True
Is 18477947 a prime number?
False
Is 44732563 composite?
True
Is 100044563 prime?
True
Is 185121835 composite?
True
Is 29621321 a composite number?
False
Is 55386101 composite?
False
Is 5117699 a prime number?
False
Is 1295999 a composite number?
True
Is 10397623 prime?
False
Is 12877451 a prime number?
True
Is 260317 a composite number?
False
Is 224478269 a composite number?
False
Is 121195693 prime?
True
Is 54869 a composite number?
False
Is 5524543 prime?
True
Is 265943 composite?
True
Is 1713221 a prime number?
True
Is 347437529 composite?
True
Is 6942557 prime?
False
Is 4446133 prime?
False
Is 368222 a prime number?
False
Is 1208312407 prime?
True
Is 43371941 a composite number?
False
Is 2308613 a composite number?
True
Is 21068129 a prime number?
False
Is 205697201 a composite number?
True
Is 4566019 a prime number?
True
Is 7478257 prime?
True
Is 7779763 a composite number?
False
Is 61633457 a prime number?
True
Is 5654357 prime?
True
Is 1838047 composite?
False
Is 4232509 prime?
True
Is 3721567 a prime number?
False
Is 1938067 a prime number?
True
Is 9602233 composite?
False
Is 7517899 a prime number?
True
Is 277048549 a composite number?
False
Is 54985883 a composite number?
False
Is 117327173 prime?
False
Is 12494591 composite?
True
Is 41988299 prime?
True
Is 7155803 prime?
False
Is 8965447 a composite number?
False
Is 31954103 composite?
False
Is 95387447 a prime number?
True
Is 5789617 composite?
False
Is 1080647707 composite?
False
Is 54492277 a prime number?
False
Is 3910307 a prime number?
False
Is 31388626 a prime number?
False
Is 59406221 composite?
True
Is 3041747 a composite number?
True
Is 4709039 a composite number?
True
Is 1047022 prime?
False
Is 1117059 a composite number?
True
Is 3897814 a composite number?
True
Is 35662997 a composite number?
True
Is 6146191 a prime number?
True
Is 18380623 prime?
False
Is 533935551 a prime number?
False
Is 182591405 prime?
False
Is 14933123 composite?
True
Is 71967239 composite?
True
Is 23937517 a prime number?
True
Is 471161549 composite?
False
Is 23083465 a prime number?
False
Is 24186649 a prime number?
False
Is 30788603 prime?
True
Is 674159 a composite number?
False
Is 2592677 a composite number?
False
Is 1947523 a prime number?
False
Is 34000493 a composite number?
True
Is 10992341 composite?
True
Is 426178249 a composite number?
True
Is 627491 a composite number?
False
Is 64631191 prime?
False
Is 713720017 a composite number?
False
Is 43187273 a prime number?
False
Is 146641529 composite?
False
Is 27859547 composite?
False
Is 1065418 composite?
True
Is 12658991 a composite number?
False
Is 34022437 composite?
False
Is 55163463 a prime number?
False
Is 830579 a composite number?
False
Is 13145331 prime?
False
Is 4684789 composite?
False
Is 594559895 composite?
True
Is 2772453 composite?
True
Is 151565621 prime?
True
Is 8669207 a composite number?
False
Is 691271909 composite?
False
Is 8157277 prime?
False
Is 1291571 a composite number?
True
Is 38695087 composite?
False
Is 5102953 prime?
True
Is 2258629 composite?
True
Is 449537 composite?
True
Is 124261 prime?
False
Is 53561147 a prime number?
False
Is 8177827 prime?
False
Is 69944177 a prime number?
True
Is 199651443 a composite number?
True
Is 231235007 prime?
True
Is 338677 prime?
False
Is 1618529 prime?
False
Is 352226729 a composite number?
True
Is 21741283 a composite number?
True
Is 7592869 composite?
True
Is 3763261 prime?
False
Is 37497043 a prime number?
True
Is 1957259 prime?
False
Is 2451851 composite?
True
Is 18971311 a composite number?
True
Is 541439 a prime number?
True
Is 6426037 prime?
False
Is 2086457 a prime number?
True
Is 1202623 a prime number?
False
Is 154543 prime?
True
Is 565973 a prime number?
True
Is 13391 composite?
True
Is 222298507 a composite number?
False
Is 822637271 prime?
False
Is 1406033 prime?
True
Is 7296239 a composite number?
False
Is 1015691 composite?
False
Is 23907077 a prime number?
False
Is 90551369 prime?
False
Is 119350697 a prime number?
True
Is 16000253 a composite number?
False
Is 8609135 a composite number?
True
Is 64054 composite?
True
Is 23976911 a prime number?
False
Is 5364499 prime?
False
Is 45196339 a prime number?
True
Is 1043699 composite?
True
Is 23209853 composite?
True
Is 7619821 a composite number?
True
Is 8475913 a prime number?
False
Is 1508077 a prime number?
True
Is 15025753 composite?
False
Is 48145081 composite?
True
Is 7287271 a composite number?
True
Is 11690321 prime?
True
Is 145201517 a composite number?
True
Is 21965329 a composite number?
True
Is 17632189 a composite number?
True
Is 11950853 prime?
True
Is 131203 a composite number?
False
Is 5771819 prime?
False
Is 486120721 prime?
True
Is 10966357 prime?
True
Is 33897301 composite?
False
Is 1535052635 a composite number?
True
Is 1725767 composite?
False
Is 339584195 a composite number?
True
Is 15200281 composite?
False
Is 8738291 a composite number?
True
Is 6546509 prime?
True
Is 2513471 prime?
False
Is 1645409 a prime number?
True
Is 908909 a prime number?
True
Is 27760061 a prime number?
False
Is 76507477 a composite number?
True
Is 52464067 a composite number?
False
Is 77116399 composite?
True
Is 1785761 prime?
True
Is 23137 composite?
True
Is 102760499 prime?
False
Is 97952573 a prime number?
True
Is 43030381 a composite number?
False
Is 221639443 a composite number?
True
Is 4150847 a composite number?
False
Is 73369265 composite?
True
Is 114092833 a composite number?
False
Is 2632687 a prime number?
True
Is 28182221 composite?
False
Is 15914579 composite?
True
Is 78136349 a prime number?
False
Is 244997 a prime number?
True
Is 65662343 a prime number?
True
Is 12309469 prime?
False
Is 78191527 prime?
True
Is 764431 composite?
False
Is 6277399 composite?
True
Is 17742965 composite?
True
Is 12644647 a composite number?
True
Is 28811427 composite?
True
Is 8540867 composite?
False
Is 4575797 prime?
True
Is 300434797 a prime number?
False
Is 68863 prime?
True
Is 84042697 composite?
False
Is 1162435 prime?
False
Is 13101911 a prime number?
True
Is 48815893 composite?
True
Is 58806626 prime?
False
Is 5158159 composite?
True
Is 500153 composite?
False
Is 9680183 a prime number?
False
Is 65944027 prime?
False
Is 389837057 prime?
True
Is 22860785 a composite number?
True
Is 3603389 a prime number?
True
Is 446179 prime?
True
Is 3916921 a prime number?
True
Is 10040339 prime?
False
Is 101563598 prime?
False
Is 13934321 prime?
True
Is 13769671 a prime number?
True
Is 2258241 prime?
False
Is 3467513 prime?
False
Is 24459962 composite?
True
Is 453343 a prime number?
False
Is 9357119 a composite number?
False
Is 51771617 a prime number?
True
Is 3445433 a prime number?
False
Is 3878569 a composite number?
True
Is 146568937 prime?
False
Is 3646997 a prime number?
True
Is 14703781 prime?
True
Is 4532393 a prime number?
False
Is 36881807 composite?
False
Is 135703 a prime number?
False
Is 1323811 composite?
True
Is 476803 composite?
False
Is 89953693 prime?
False
Is 10934953 a composite number?
True
Is 2814319 composite?
False
Is 160368071 composite?
False
Is 58168391 composite?
False
Is 31806241 composite?
True
Is 6846361 composite?
False
Is 4153901 a prime number?
False
Is 585747581 a prime number?
False
Is 2509445 a prime number?
False
Is 981913 a composite number?
False
Is 40151753 prime?
True
Is 35028599 a prime number?
True
Is 819321 prime?
False
Is 204178295 composite?
True
Is 30858979 a composite number?
False
Is 218517001 a composite number?
True
Is 7267877 composite?
False
Is 7015891 a prime number?
True
Is 7930873 a prime number?
False
Is 21552485 composite?
True
Is 7290271 composite?
False
Is 20727959 composite?
True
Is 3508951 prime?
True
Is 46924219 a composite number?
False
Is 34924117 prime?
True
Is 904885379 a composite number?
False
Is 2837013 prime?
False
Is 15246511 a prime number?
False
Is 63356897 prime?
True
Is 104739 composite?
True
Is 4349797 a prime number?
False
Is 101649709 composite?
True
Is 613863781 a prime number?
False
Is 62799083 composite?
True
Is 12765803 a composite number?
False
Is 2313599 a prime number?
True
Is 36970573 composite?
True
Is 470026511 a prime number?
True
Is 33913511 a prime number